Give z(4).
-14
Let m(t) = 3*t**2 + 3*t - 4. Let a(h) = -5*h**2 - 5*h + 7. Let x(k) = 4*a(k) + 7*m(k). Determine x(-4).
12
Let p(w) = -3*w**3 - w**2. Suppose k + 2*n = -0*n - 1, 2*k - n + 2 = 0. Give p(k).
2
Let w(z) = 2*z**2 + 0*z**2 - 6*z**2 + 2*z**2 + 2 - 11*z. Determine w(-8).
-38
Let f(k) = k**2 + 1. Let m(p) = p**3 - 5*p**2. Let h be m(5). Let y be f(h). Let o = 0 + y. Let c(b) = 2*b**2 + b. Determine c(o).
3
Suppose -2*y - 14*y + 32 = 0. Let d(z) be the first derivative of -y*z**2 + 2*z + 4/3*z**3 - 3 - 1/4*z**4. Determine d(2).
2
Suppose 2*p + 2*p = -8. Let g = 0 - p. Let o(l) be the third derivative of -l**5/60 + l**4/24 + l**3/6 + 8*l**2. Calculate o(g).
-1
Let s(x) = 3*x**2 + 15*x. Let v be s(-5). Let h(w) = -7 - 30*w + v + 28*w. Determine h(-5).
3
Let i(g) = -2*g + 8. Let d = -133 + 140. Calculate i(d).
-6
Let r be 5/(15/18) + -2. Let s be (3 - 5)*(-10)/r. Let y(n) = -1 - 10 + n + s. Give y(6).
0
Let k(o) = o**2 + 5*o - 4. Suppose -4*n + t = -0*t - 17, -15 = 3*t. Suppose 0 = n*u - 2*w + 16, 4*w + 0*w - 8 = 0. Determine k(u).
-8
Let d = 156 - 125. Let y = -26 + d. Let h(w) be the third derivative of -w**4/8 + w**3 - w**2. Give h(y).
-9
Let z(w) = 4*w - 1. Let v be (-6)/(6*2/6). Let i be (4 + -5)/(-2 - v). Calculate z(i).
-5
Let z(p) = -p**3 - 4*p**2 + 2*p + 4. Suppose 7 = b + 4. Let a(d) = -d**3 + 4*d**2 - 4*d. Let x be a(b). Give z(x).
-11
Let y(c) = c + 15. Let i be y(13). Let w = i - 20. Let v(t) = t**2 - 7*t + 4. Determine v(w).
12
Let j(i) = i**2 - 10*i + 9. Let w(h) = -h**2 + 12*h - 9. Let k(a) = 4*j(a) + 3*w(a). What is k(7)?
30
Suppose 0 = l, -36*t + 5*l + 4 = -35*t. Let d(v) = 3*v**2 - 4*v + 17. Let x(u) = -u**2 + u - 6. Let y(w) = 4*d(w) + 11*x(w). What is y(t)?
-2
Let k(i) be the third derivative of i**5/15 - i**4/6 + 2*i**3/3 + 31*i**2. Give k(3).
28
Let n(z) be the second derivative of 1/6*z**3 + 5*z + 0 + 4*z**2. Determine n(-5).
3
Let w(p) = -29 - 152*p + 149*p + 27. Calculate w(3).
-11
Suppose x + 20 = 5*x - 4*u, -x + 4*u + 14 = 0. Let o be -2 + 4 + 2 - x. Let q(z) = z**3 + z**2 + z + 1. Give q(o).
15
Let c(z) = z - 2. Let m = -81 + 74. Let p(r) = 4*r - 7. Let s(w) = m*c(w) + 2*p(w). What is s(1)?
1
Let m(o) = o**2 - 5*o - 7. Let v(n) = -n**2 + 7*n - 3. Let d be v(6). Suppose 9 = -3*r + d. Let z be -3 + 3 - 3*r. Calculate m(z).
-1
Suppose 0*k = -2*k - 32. Suppose 0 = -4*c - 4, -2*a - c = c - 32. Let n = k + a. Let o(m) = -11*m**3 + m**2 - m. Give o(n).
-11
Let t(x) be the first derivative of -x**2/2 + x - 13. Let n(g) = -g + 25. Let a be n(18). What is t(a)?
-6
Let t = 13 + -7. Let l(x) be the first derivative of -x**4/4 + 2*x**3 + 3*x**2/2 - 5*x - 691. Give l(t).
13
Let c = 102 - 106. Let o(m) = -m**2 - 2*m + 7. What is o(c)?
-1
Let l = -41 - -23. Let s = l + 20. Let r(z) = z**2 - 2*z. Calculate r(s).
0
Let k be 10/3*24/16. Let j(x) = -14 - 7 - x**2 + 4*x + 24. Determine j(k).
-2
Let u(t) = 35*t**2 - 3*t - 6. Let b(c) = 19*c**2 - 2*c - 3. Let d(a) = 11*b(a) - 6*u(a). Determine d(-3).
6
Let c = 6 - -8. Suppose 0*t - 2*t = -14. Let y be 4/c - 30/t. Let g(b) = 2*b + 1. Give g(y).
-7
Let s(y) = 13*y**2 + 4*y + 12. Let j(v) = -10*v**2 - 3*v - 11. Let m(n) = 4*j(n) + 3*s(n). Calculate m(0).
-8
Let r(s) = s**3 - s**2 + 12. Suppose 15 = 3*g + 6. Suppose 0 = 3*j - g*j + 3*j. Calculate r(j).
12
Let f = 100 - 92. Let o(s) = s**3 - 9*s**2 + 9*s - 5. What is o(f)?
3
Let p(w) = -6*w**2 + w - 1. Let g be 33*(-4)/(-12) - 5 - 5. Calculate p(g).
-6
Let f(o) = o - o**2 + 0*o**2 - 3*o - 2 - o. Suppose -47 + 8 = -13*a. Determine f(a).
-20
Suppose 3*p - 2*b + 6 = b, 4*b = 5*p + 6. Let s be 0 + -5 - (4 - p - 2). Let n(l) = -3*l - 7. Give n(s).
8
Let v = 14 - 10. Let y(g) = g**2 + 5*g**3 + 3*g + 0*g**3 - v*g**3 + 4*g**2 + 1. Let f = -283 - -280. Calculate y(f).
10
Let h(s) = -s**2 + s + 9. Let o(w) = -2*w**2 + w + 24. Let a(t) = -5*h(t) + 2*o(t). Let z be (-4)/(-14) - (-66)/14. Determine a(z).
13
Let f(u) = -5*u - 4*u + 14*u + 0*u - 4*u. Determine f(1).
1
Suppose -4*l + 23 = -21. Let m = 13 - l. Suppose -4*r = -16, -m*s = 2*r - r - 2. Let k(w) = -4*w. Give k(s).
4
Let r(c) be the third derivative of c**5/15 + c**4/8 - c**3 + 995*c**2. Give r(3).
39
Let y(n) = -n**3 - 6*n**2 + 6*n + 7. Let a(q) = 55*q - 281. Let c be a(5). Calculate y(c).
-29
Let y(c) be the second derivative of 3/2*c**2 + 1/12*c**4 + 0 - 5/6*c**3 + 8*c. Give y(3).
-3
Let f(a) = -2*a**2 + a + 11. Let s = -944 - -941. What is f(s)?
-10
Let q = 183 - 184. Let w(a) = 8*a + 3. Give w(q).
-5
Let v(f) = -f**3 + 9*f**2 + 2*f - 6. Let r(o) = -11*o + 570. Let c be r(51). Calculate v(c).
12
Let l be (3/9)/(3/9). Let x(i) = -25*i**3 + i**2 + i - 1. Calculate x(l).
-24
Let r(m) = -9*m**2 - 529*m**3 + 0*m + 530*m**3 - 9 + 2*m. Calculate r(9).
9
Let h(q) = 2*q - 10. Suppose 2 = -2*z + 20. Give h(z).
8
Let z(m) = 0*m + 6*m + 1 - 4*m - 3. Suppose 0 = 6*x - 9*x - 12. What is z(x)?
-10
Let o(a) be the first derivative of -a**3 - 2*a - 536. Give o(2).
-14
Let s(u) = -19*u**2 + 43*u + 10. Let w(c) = -18*c**2 + 39*c + 9. Let r(x) = 10*s(x) - 11*w(x). Let p be (4/6)/((-6)/9). Calculate r(p).
8
Let s = -2 - 1. Let k(h) = -13*h**3 - 2*h**2 + 5*h + 4. Let l(q) = 17*q**3 + 2*q**2 - 6*q - 5. Let j(x) = -4*k(x) - 3*l(x). Calculate j(s).
-4
Suppose 0 = 5*q - 3*o - 16, -13*o + 11*o - 8 = -2*q. Let l(z) be the first derivative of -12 - 10*z + 7/3*z**3 + 1/4*z**4 - 1/2*z**q. Determine l(-7).
-3
Let o be 2/(-8) - (-2289)/436. Let v(g) = 11*g - 12. Calculate v(o).
43
Let p(o) = o**3 - 5*o**2 - 4*o - 6. Suppose 3*c = 3*x - 6, 2*x - 5*x = -c - 4. Let g(w) = 6*w**2 - 2*w + 2. Let u be g(x). What is p(u)?
6
Let u(t) = -4*t**2 + 5*t + 5. Let b(o) be the second derivative of -5*o**4/12 + 2*o**3/3 + 7*o**2/2 + o - 5. Let n(d) = -5*b(d) + 6*u(d). Determine n(-11).
6
Let d(t) = t**2 - t + 11. Let n = 149 + -149. Calculate d(n).
11
Suppose 158 = v + 156. Let u(t) = -4*t**2. Give u(v).
-16
Let l(i) = 14*i - 23. Let t(j) = 5*j - 8. Let m(u) = -4*l(u) + 11*t(u). Let k be 3 + (1 - (-1 - -3)). Suppose -v - 5 = 2*x - 16, k*v = x - 8. Give m(x).
-2
Suppose 0*r + r - 24 = 3*l, 5 = -l. Suppose -3*d - r = -0. Let y(v) = -5*v + 1. Let h(w) = -w**2 + 6*w. Let q(t) = 2*h(t) + 3*y(t). Determine q(d).
-6
Let g(u) be the second derivative of -3/2*u**2 - 2/3*u**4 - 4/3*u**3 - 1/20*u**5 + 8*u + 0. Calculate g(-6).
-27
Let d(t) = -3*t + 21. Let u(w) = -7*w + 63. Let p(r) = 8*d(r) - 3*u(r). Determine p(-5).
-6
Let r(i) = 2*i**3 - 4*i**2 + 2*i + 2. Suppose 4*q + 17 = -5*g, 4*q - 3*g + 12 = -q. Let w be (-8)/q + 2/3*-1. Determine r(w).
6
Suppose -4*k - 22 = 34. Let l = 11 + k. Let v(i) = i**2 - 3. What is v(l)?
6
Suppose 5*z + 2*q = -50, -z - 4*q + 6*q = -2. Let l(p) = 4*p + 25. What is l(z)?
-7
Let f = -748 + 739. Let l(y) = 2*y - 15. Calculate l(f).
-33
Let i(a) be the third derivative of 1/20*a**5 + 0*a + 1/4*a**4 + 0 + 2/3*a**3 - 8*a**2 + 1/360*a**6. Let u(w) be the first derivative of i(w). What is u(-6)?
6
Suppose 0*d - 15 = 5*d. Let b be d/(0 - (-12)/(-8)). Let g(f) = -2*f**3 + 2*f**2 - 2. Calculate g(b).
-10
Let a(p) = 6*p**2 + 2*p - 9. Let k be a(-4). Let x = -78 + k. Let s(h) = -3*h**3 - 2*h + 1. Calculate s(x).
-4
Let t(i) = -6*i + 1. Let b(y) = -144*y + 19. Let m(x) = 29*x - 4. Let f(z) = 2*b(z) + 11*m(z). Let w(q) = 2*f(q) + 11*t(q). Calculate w(-1).
3
Suppose -30 = 5*v + 5*x, 3*x = -4*v - 4 - 20. Let d(m) = m**2 + 9*m - 7. What is d(v)?
-25
Let h(c) = 2*c + 2. Let l = -4 + 9. Suppose 0*p - l*p + 2*x = -8, -5*p + 15 = 5*x. Suppose -6 = p*j - 2. Calculate h(j).
-2
Suppose -2*h - 2*h = -60. Suppose 3*v - 3*o + h = 0, -2*v + 3 = 2*o + 9. Let w(n) = -n**3 - 5*n**2 - 4*n - 3. Determine w(v).
-3
Let x = -38 + 27. Let n(l) = -14*l**3 - 12*l**2 - 20*l - 29. Let b(w) = 5*w**3 + 4*w**2 + 7*w + 10. Let g(o) = x*b(o) - 4*n(o). Determine g(-4).
-6
Let z be 15*((-44)/(-10) - 5). Let t(f) = -f**2 - 7*f + 7. Give t(z).
-11
Let j(n) be the second derivative of -3/10*n**5 - 1/6*n**3 + 9*n + 1/12*n**4 - 1/2*n**2 + 0. What is j(-1)?
7
Let s(t) = -t**3 + 7*t**2 - 6*t - 4. Suppose 3*m + 3 = 18. Suppose -m*w + 2*w - 16 = -4*k, 3*k - 3*w - 12 = 0. Suppose k*u - 2*u - 12 = 0. Determine s(u).
-4
Let s(h) be the second derivative of h**4/12 - h**3/2 + 2*h**2 + 24*h. Let z = 34 - 17. Suppose z = 5*k + 2. What is s(k)?
4
Let j(c) = -4*c + 3. Let q be